se 3) to base 5.
-2204441
Convert -63607 (base 15) to base 11.
-1a5925
What is -30704 (base 11) in base 8?
-127346
Convert 1111101000011000 (base 2) to base 16.
fa18
475120 (base 12) to base 14
21cba0
Convert 1610452 (base 7) to base 13.
79858
-1ebc1a (base 16) to base 11
-1156362
What is 638016 (base 9) in base 2?
1011100101110110000
What is -13b819 (base 16) in base 2?
-100111011100000011001
-190c9b7 (base 13) to base 11
-4699157
What is 10130122221 (base 4) in base 11?
726293
Convert -301102131 (base 4) to base 12.
-989b9
Convert 6f953 (base 16) to base 12.
1a05ab
What is 11202112112 (base 3) in base 7?
540122
Convert -148484 (base 9) to base 15.
-1c1ba
What is -173831 (base 11) in base 15?
-54873
What is -50166 (base 11) in base 6?
-1323450
Convert 1402135 (base 6) to base 9.
128305
-a73591 (base 12) to base 16
-28467d
What is -60024621 (base 7) in base 2?
-10010110111111100011101
22200021212 (base 3) to base 14
4635c
2a1cb5 (base 13) to base 8
3740571
Convert -1267030 (base 10) to base 11.
-795a36
What is -117782 (base 9) in base 10?
-71354
-701632 (base 8) to base 2
-111000001110011010
What is -548dce (base 15) in base 9?
-7521375
Convert -7507 (base 15) to base 16.
-60b5
Convert -3056921 (base 10) to base 11.
-17a878a
Convert -49794 (base 12) to base 15.
-1e7b1
What is 38377 (base 11) in base 3?
2210110201
-60a03 (base 11) to base 7
-520435
What is -646044 (base 10) in base 6?
-21502540
10100012102100 (base 3) to base 12
717539
What is b040a (base 12) in base 14?
5d4a6
Convert -34ca26 (base 13) to base 3.
-2100211012021
Convert 839201 (base 12) to base 10.
2068705
86449d (base 14) to base 9
8486485
Convert 916846 (base 10) to base 12.
3826ba
What is 1165133 (base 8) in base 14?
8557d
Convert -10000101110001111111 (base 2) to base 8.
-2056177
Convert 161022a (base 15) to base 10.
15997990
What is -ab008 (base 14) in base 11?
-263344
What is 727043 (base 8) in base 10?
241187
What is -b0dac (base 16) in base 6?
-23305404
Convert -304362 (base 9) to base 3.
-100011102002
-103111021 (base 4) to base 5
-10013202
What is 1010024343 (base 5) in base 7?
23165254
What is 11000100100111011111001 (base 2) in base 6?
350031305
Convert 168223 (base 9) to base 13.
386c1
Convert 15245551 (base 6) to base 8.
2025313
-2676637 (base 14) to base 10
-18572617
16180 (base 11) to base 15
6b76
-93680 (base 12) to base 8
-570400
-5b11c3 (base 14) to base 13
-8509a7
Convert 138a1 (base 15) to base 6.
1202141
Convert 1340212 (base 7) to base 8.
533165
-21210002210 (base 3) to base 2
-100101011001001101
9a4316 (base 11) to base 14
2d9941
-61046454 (base 8) to base 13
-288581c
What is -138ea (base 16) in base 10?
-80106
-ab2586 (base 12) to base 2
-1010011000001110110110
-14d704 (base 15) to base 12
-406b41
What is -141224531 (base 7) in base 9?
-18306812
Convert -14236a6 (base 12) to base 2.
-1111010111101000011110
What is 355062 (base 10) in base 16?
56af6
Convert 3100032312 (base 4) to base 12.
351706
Convert 132dc7 (base 15) to base 10.
921112
What is 54387 (base 11) in base 4?
103102023
What is -493901 (base 10) in base 9?
-832448
Convert 100000100011010111 (base 2) to base 8.
404327
What is -2656312 (base 7) in base 11?
-21a259
10001010001101010001 (base 2) to base 8
2121521
What is -31232131111 (base 4) in base 15?
-4b11ca
2301222 (base 7) to base 5
33124201
-11815b (base 13) to base 7
-3356466
14321444 (base 5) to base 4
210333023
What is -100033224 (base 6) in base 3?
-10011120100021
What is 4a2461 (base 14) in base 11?
148677a
Convert 7c52a (base 16) to base 9.
855466
What is fc0d7 (base 16) in base 8?
3740327
What is 573b (base 16) in base 3?
1010122002
What is 6778782 (base 9) in base 16?
37c2f5
Convert -5142534 (base 7) to base 13.
-18728a
Convert 292f3 (base 16) to base 2.
101001001011110011
Convert -b238d (base 15) to base 11.
-356081
What is -1100177 (base 8) in base 3?
-112222201101
What is b86c45 (base 13) in base 10?
4327978
Convert 102220101021 (base 3) to base 14.
6154a
What is -2313344 (base 5) in base 4?
-22023330
Convert -54004502 (base 6) to base 7.
-16330562
What is -ec17 (base 15) in base 10?
-49972
Convert -11011132 (base 7) to base 3.
-1202221221021
What is 11442468 (base 10) in base 12?
39b9970
Convert -412051 (base 7) to base 4.
-101023033
What is 819746 (base 10) in base 4?
3020020202
-27917 (base 10) to base 2
-110110100001101
What is -113021 (base 13) in base 14?
-a81ba
What is 1211221211 (base 4) in base 3?
210011010122
What is 2705243 (base 10) in base 14?
505c39
101000100010100001000 (base 2) to base 5
320002032
What is 10431025 (base 7) in base 14?
19554c
Convert 65e94 (base 15) to base 12.
13754a
Convert 74998 (base 11) to base 16.
1a9cf
Convert 52311125 (base 6) to base 16.
17293d
Convert -7069c1 (base 14) to base 13.
-a25c79
What is -9161c (base 15) in base 5?
-104213002
What is -5324305 (base 6) in base 2?
-111111100001010001
Convert 17416636 (base 9) to base 13.
1a75043
What is 1b4d49 (base 15) in base 3?
2111201011220
-12100221000 (base 3) to base 2
-11001110010110011
3149792 (base 10) to base 12
107a968
47163156 (base 8) to base 2
100111001110011001101110
-11100000101110000110 (base 2) to base 16
-e0b86
Convert -334364 (base 16) to base 12.
-1160258
Convert 2a6682 (base 13) to base 5.
231324443
What is -159c95a (base 14) in base 8?
-50335404
Convert 1a3a226 (base 15) to base 8.
111102266
34001143 (base 5) to base 12
123aa0
What is -208a5 (base 14) in base 15?
-18415
102302122213 (base 4) to base 14
922c07
Convert 3310120300 (base 4) to base 3.
1212212010101
118298 (base 14) to base 10
598718
Convert 16366bc (base 13) to base 9.
14414236
What is 10731b (base 16) in base 15?
164648
Convert 614391 (base 11) to base 8.
3607156
1110000011100010001 (base 2) to base 16
70711
-2088021 (base 10) to base 6
-112430433
What is 10401003024 (base 5) in base 10?
11344139
-101676 (base 9) to base 16
-ebad
What is -6e2910 (base 16) in base 4?
-123202210100
Convert -5600286 (base 9) to base 14.
-585803
Convert 202333511 (base 6) to base 14.
66861d
-2323030331 (base 4) to base 15
-1022db
1201341234 (base 5) to base 13
75927b
-140444412 (base 5) to base 8
-2573614
What is 29044 (base 16) in base 10?
168004
3786062 (base 9) to base 10
2064584
Convert -1001001111001111000 (base 2) to base 7.
-2400354
Convert 221505440 (base 6) to base 15.
541de3
Convert 211023 (base 7) to base 16.
8e17
-211002011101 (base 3) to base 16
-6a1aa
What is 1b8d (base 15) in base 3?
22012121
Convert 2320453 (base 6) to base 13.
42474
Convert 1340041 (base 5) to base 3.
1101202022
123120103012 (base 4) to base 9
14448504
Convert 144221230 (base 5) to base 2.
10111100110011000011
What is -42014023 (base 6) in base 7?
-13220643
122212112101 (base 3) to base 2
1010101111000010110
4033554 (base 7) to base 2
1110100111110001000
1112122010 (base 3) to base 13
10a79
-413101240 (base 6) to base 14
-d40572
What is -2142421042 (base 5) in base 14?
-89237c
What is -60197 (base 15) in base 14?
-7cb89
What is 21122113111 (base 4) in base 3?
11122100110221
1232313043 (base 5) to base 2
1011011110111101011110
Convert 600254 (base 9) to base 14.
9329b
What is 454501054 (base 6) in base 12?
296478a
-1010101000001111 (base 2) to base 5
-2343120
1111011000001011000110 (base 2) to base 7
46156460
What is -5063176 (base 8) in base 7?
-14235560
What is -166341 (base 7) in base 6?
-414503
Convert 3cca71 (base 13) to base 7.
15422511
What is -11011112121200 (base 3) in base 2?
-1000011100110011110000
-239910 (base 11) to base 12
-163480
What is -fd41 (base 16) in base 12?
-31629
4242001 (base 5) to base 7
415313
Convert -1ad178 (base 16) to base 11.
-aa0532
Convert 6a48c (base 14) to base 15.
51a64
4008c (base 13) to base 6
2241240
58a8a (base 14) to base 6
4344310
101000110111010010110 (base 2) to base 6
44411114
Convert 43321114 (base 5) to base 3.
200210202121
-113310311 (base 4) to base 7
-554342
What is -706620 (base 9) in base 4?
-1212012231
Convert 143b4b (base 13) to base 11.
308207
Convert 1649a6 (base 14) to base 12.
318106
bbc707 (base 14) to base 3
102222210001002
-4456890 (base 10) to base 2
-10001000000000110111010
What is -137845 (base 9) in base 15?
-1a09e
What is 66151 (base 9) in base 15?
cee7
What is -2319945 (base 11) in base 5?
-2014212113
What is 39c62c9 (base 13